{"id":255,"date":"2010-12-27T20:29:36","date_gmt":"2010-12-27T20:29:36","guid":{"rendered":"http:\/\/matematika.okamzite.eu\/?page_id=255"},"modified":"2010-12-27T20:29:36","modified_gmt":"2010-12-27T20:29:36","slug":"krajske-komisie","status":"publish","type":"page","link":"https:\/\/matematika.besaba.com\/?page_id=255","title":{"rendered":"Krajsk\u00e9 komisie"},"content":{"rendered":"<table border=\"0\" cellspacing=\"5\">\n<tbody>\n<tr>\n<td style=\"width: 165px;\" align=\"left\" valign=\"top\"><code><script type=\"text\/javascript\"><!--\r\ngoogle_ad_client = \"pub-0508472359151885\";\r\n\/* 120x600, bola vytvoren\u00e1 27.12.2010 *\/\r\ngoogle_ad_slot = \"5033219856\";\r\ngoogle_ad_width = 120;\r\ngoogle_ad_height = 600;\r\n\/\/-->\r\n<\/script>\r\n<script type=\"text\/javascript\"\r\nsrc=\"http:\/\/pagead2.googlesyndication.com\/pagead\/show_ads.js\">\r\n<\/script><\/code><\/td>\n<td>\n<p><strong>Mgr. Peter Novotn\u00fd, PhD. \u2013 predseda SKMO<\/strong><br \/>\nKMANM FMFI UK, Bratislava<br \/>\ne-mail: peter.novotny ~ skmo.sk<\/p>\n<p><strong>doc. RNDr. Vojtech B\u00e1lint, CSc. \u2013 podpredseda SKMO<\/strong><\/p>\n<p><strong>Mgr. J\u00e1n Brajer\u010d\u00edk, Ph.D. \u2013 predseda krajskej komisie MO Pre\u0161ov<\/strong><br \/>\nKFMT FHPV PU v Pre\u0161ove<br \/>\nUl. 17. novembra 1<br \/>\n081 16 Pre\u0161ov<br \/>\ne-mail: jan.brajercik ~ unipo.sk<br \/>\ntelef\u00f3n: 051 7570316<br \/>\nmobil: 0905 182081<\/p>\n<p><strong>doc. Mgr. Ivan Cimr\u00e1k, Dr. \u2013 predseda krajskej komisie MO \u017dilina<\/strong><\/p>\n<p><strong>prof. RNDr. Jozef Fulier, CSc. \u2013 predseda krajskej komisie MO Nitra<\/strong><\/p>\n<p><strong>doc. RNDr. Du\u0161an Hol\u00fd, CSc. \u2013 predseda krajskej komisie MO Trnava<\/strong><\/p>\n<p><strong>Mgr. Martin Koll\u00e1r, PhD. \u2013 predseda krajskej komisie MO Bratislava<\/strong><br \/>\nKAM\u0160 FMFI UK, Bratislava<br \/>\ne-mail: makollar ~ gmail.com<br \/>\nmobil: 0902 704 936<\/p>\n<p><strong>doc. RNDr. Stanislav Kraj\u010di, PhD. \u2013 predseda krajskej komisie MO Ko\u0161ice<\/strong><\/p>\n<p><strong>RNDr. Eva Oravcov\u00e1 \u2013 predseda krajskej komisie MO Bansk\u00e1 Bystrica<\/strong><\/p>\n<p><strong>RNDr. So\u0148a Pavl\u00edkov\u00e1, CSc. \u2013 predseda krajskej komisie MO Tren\u010d\u00edn<\/strong><\/p>\n<p>Mgr. M\u00e1ria Gajarov\u00e1 \u2013 tajomn\u00edk<\/p>\n<p>RNDr. Monika Dillingerov\u00e1, PhD.<\/p>\n<p>Mgr. \u0160tefan Gy\u00fcrki, PhD.<br \/>\nFakulta chemickej a potravinarskej technologie STU<br \/>\nUstav informatizacie, automatizacie a matematiky<br \/>\ne-mail: gypista ~ gmail.com<br \/>\nmobil: 0918 634 115<\/p>\n<p>RNDr. R\u00f3bert Hajduk, PhD.<br \/>\nPr\u00edrodovedeck\u00e1 fakulta UPJ\u0160 v Ko\u0161iciach<br \/>\ne-mail: robert.hajduk~upjs.sk<br \/>\nmobil: 0904 297 002<\/p>\n<p>RNDr. Ing. Franti\u0161ek Kardo\u0161, PhD.<br \/>\nPr\u00edrodovedeck\u00e1 fakulta UPJ\u0160 v Ko\u0161iciach<br \/>\n\u00dastav matematick\u00fdch vied<br \/>\nJesenn\u00e1 5<br \/>\n041 54 Ko\u0161ice<br \/>\ne-mail: frantisek.kardos ~ upjs.sk<br \/>\nmobil: 0904 321 185<\/p>\n<p>doc. RNDr. M\u00e1ria Kme\u0165ov\u00e1, PhD.<br \/>\nFPV UKF v Nitre, Katedra matematiky<br \/>\nTr. A. Hlinku 1, 949 74 Nitra<br \/>\ne-mail: mkmetova ~ ukf.sk<br \/>\nmobil: 0903 211 644<\/p>\n<p>RNDr. J\u00e1n Maz\u00e1k<br \/>\nKI FMFI UK, Bratislava<br \/>\ne-mail: jan.mazak ~ gmail.com<br \/>\nmobil: +421910122184<\/p>\n<p>doc. RNDr. Pavel Novotn\u00fd, CSc. \u017dilina<br \/>\n\u017dilinsk\u00e1 univerzita, fakulta PEDaS, KKMHI<br \/>\ne-mail: pavel.novotny ~ fpedas.uniza.sk<br \/>\nweb: fpedas.uniza.sk\/~novotny<br \/>\ntelef\u00f3n: 041 5133258<br \/>\nmobil: 0949 604350<\/p>\n<p>Mgr. Martin Poto\u010dn\u00fd<\/p>\n<p>RNDr. Oliver Ral\u00edk<\/p>\n<p>doc. RNDr. Roman Sot\u00e1k, PhD.<br \/>\nPr\u00edrodovedeck\u00e1 fakulta UPJ\u0160 v Ko\u0161iciach<br \/>\n\u00dastav matematick\u00fdch vied<br \/>\nJesenn\u00e1 5<br \/>\n041 54 Ko\u0161ice<br \/>\ne-mail: roman.sotak ~ upjs.sk<br \/>\nweb: ais.upjs.sk\/~sotak<br \/>\ntelef\u00f3n: ++421552346211<br \/>\nmobil: ++421905620391<br \/>\nfax: ++421556222124<\/p>\n<p>prof. RNDr. Ondrej \u0160ediv\u00fd, CSc.<\/td>\n<\/tr>\n<\/tbody>\n<\/table>\n<!--CusAds0-->\n<div style=\"font-size: 0px; height: 0px; line-height: 0px; margin: 0; padding: 0; clear: both;\"><\/div>","protected":false},"excerpt":{"rendered":"<p>Mgr. Peter Novotn\u00fd, PhD. \u2013 predseda SKMO KMANM FMFI UK, Bratislava e-mail: peter.novotny ~ skmo.sk doc. RNDr. Vojtech B\u00e1lint, CSc. \u2013 podpredseda SKMO Mgr. J\u00e1n Brajer\u010d\u00edk, Ph.D. \u2013 predseda krajskej komisie MO Pre\u0161ov KFMT FHPV PU v Pre\u0161ove Ul. 17. novembra 1 081 16 Pre\u0161ov e-mail: jan.brajercik ~ unipo.sk telef\u00f3n: 051 7570316 mobil: 0905 182081 &hellip; <a href=\"https:\/\/matematika.besaba.com\/?page_id=255\" class=\"more-link\">Pokra\u010dova\u0165 na <span class=\"screen-reader-text\">Krajsk\u00e9 komisie<\/span> <span class=\"meta-nav\">&rarr;<\/span><\/a><\/p>\n","protected":false},"author":1,"featured_media":0,"parent":0,"menu_order":0,"comment_status":"open","ping_status":"open","template":"","meta":{"om_disable_all_campaigns":false,"_monsterinsights_skip_tracking":false,"_monsterinsights_sitenote_active":false,"_monsterinsights_sitenote_note":"","_monsterinsights_sitenote_category":0,"footnotes":""},"class_list":["post-255","page","type-page","status-publish","hentry"],"yoast_head":"<!-- This site is optimized with the Yoast SEO plugin v26.6 - https:\/\/yoast.com\/wordpress\/plugins\/seo\/ -->\n<title>Krajsk\u00e9 komisie - Matematick\u00e1 olympi\u00e1da<\/title>\n<meta name=\"robots\" content=\"index, follow, max-snippet:-1, max-image-preview:large, max-video-preview:-1\" \/>\n<link rel=\"canonical\" href=\"https:\/\/matematika.besaba.com\/?page_id=255\" \/>\n<meta property=\"og:locale\" content=\"sk_SK\" \/>\n<meta property=\"og:type\" content=\"article\" \/>\n<meta property=\"og:title\" content=\"Krajsk\u00e9 komisie - Matematick\u00e1 olympi\u00e1da\" \/>\n<meta property=\"og:description\" content=\"Mgr. Peter Novotn\u00fd, PhD. \u2013 predseda SKMO KMANM FMFI UK, Bratislava e-mail: peter.novotny ~ skmo.sk doc. RNDr. Vojtech B\u00e1lint, CSc. \u2013 podpredseda SKMO Mgr. J\u00e1n Brajer\u010d\u00edk, Ph.D. \u2013 predseda krajskej komisie MO Pre\u0161ov KFMT FHPV PU v Pre\u0161ove Ul. 17. novembra 1 081 16 Pre\u0161ov e-mail: jan.brajercik ~ unipo.sk telef\u00f3n: 051 7570316 mobil: 0905 182081 &hellip; Pokra\u010dova\u0165 na Krajsk\u00e9 komisie &rarr;\" \/>\n<meta property=\"og:url\" content=\"https:\/\/matematika.besaba.com\/?page_id=255\" \/>\n<meta property=\"og:site_name\" content=\"Matematick\u00e1 olympi\u00e1da\" \/>\n<meta name=\"twitter:card\" content=\"summary_large_image\" \/>\n<meta name=\"twitter:label1\" content=\"Predpokladan\u00fd \u010das \u010d\u00edtania\" \/>\n\t<meta name=\"twitter:data1\" content=\"2 min\u00faty\" \/>\n<script type=\"application\/ld+json\" class=\"yoast-schema-graph\">{\"@context\":\"https:\/\/schema.org\",\"@graph\":[{\"@type\":\"WebPage\",\"@id\":\"https:\/\/matematika.besaba.com\/?page_id=255\",\"url\":\"https:\/\/matematika.besaba.com\/?page_id=255\",\"name\":\"Krajsk\u00e9 komisie - Matematick\u00e1 olympi\u00e1da\",\"isPartOf\":{\"@id\":\"https:\/\/matematika.besaba.com\/#website\"},\"datePublished\":\"2010-12-27T20:29:36+00:00\",\"breadcrumb\":{\"@id\":\"https:\/\/matematika.besaba.com\/?page_id=255#breadcrumb\"},\"inLanguage\":\"sk-SK\",\"potentialAction\":[{\"@type\":\"ReadAction\",\"target\":[\"https:\/\/matematika.besaba.com\/?page_id=255\"]}]},{\"@type\":\"BreadcrumbList\",\"@id\":\"https:\/\/matematika.besaba.com\/?page_id=255#breadcrumb\",\"itemListElement\":[{\"@type\":\"ListItem\",\"position\":1,\"name\":\"Domovsk\u00e1 str\u00e1nka\",\"item\":\"https:\/\/matematika.besaba.com\/\"},{\"@type\":\"ListItem\",\"position\":2,\"name\":\"Krajsk\u00e9 komisie\"}]},{\"@type\":\"WebSite\",\"@id\":\"https:\/\/matematika.besaba.com\/#website\",\"url\":\"https:\/\/matematika.besaba.com\/\",\"name\":\"Matematick\u00e1 olympi\u00e1da\",\"description\":\"arch\u00edv zadan\u00ed a rie\u0161en\u00ed matematickej olympi\u00e1dy\",\"potentialAction\":[{\"@type\":\"SearchAction\",\"target\":{\"@type\":\"EntryPoint\",\"urlTemplate\":\"https:\/\/matematika.besaba.com\/?s={search_term_string}\"},\"query-input\":{\"@type\":\"PropertyValueSpecification\",\"valueRequired\":true,\"valueName\":\"search_term_string\"}}],\"inLanguage\":\"sk-SK\"}]}<\/script>\n<!-- \/ Yoast SEO plugin. -->","yoast_head_json":{"title":"Krajsk\u00e9 komisie - Matematick\u00e1 olympi\u00e1da","robots":{"index":"index","follow":"follow","max-snippet":"max-snippet:-1","max-image-preview":"max-image-preview:large","max-video-preview":"max-video-preview:-1"},"canonical":"https:\/\/matematika.besaba.com\/?page_id=255","og_locale":"sk_SK","og_type":"article","og_title":"Krajsk\u00e9 komisie - Matematick\u00e1 olympi\u00e1da","og_description":"Mgr. Peter Novotn\u00fd, PhD. \u2013 predseda SKMO KMANM FMFI UK, Bratislava e-mail: peter.novotny ~ skmo.sk doc. RNDr. Vojtech B\u00e1lint, CSc. \u2013 podpredseda SKMO Mgr. J\u00e1n Brajer\u010d\u00edk, Ph.D. \u2013 predseda krajskej komisie MO Pre\u0161ov KFMT FHPV PU v Pre\u0161ove Ul. 17. novembra 1 081 16 Pre\u0161ov e-mail: jan.brajercik ~ unipo.sk telef\u00f3n: 051 7570316 mobil: 0905 182081 &hellip; Pokra\u010dova\u0165 na Krajsk\u00e9 komisie &rarr;","og_url":"https:\/\/matematika.besaba.com\/?page_id=255","og_site_name":"Matematick\u00e1 olympi\u00e1da","twitter_card":"summary_large_image","twitter_misc":{"Predpokladan\u00fd \u010das \u010d\u00edtania":"2 min\u00faty"},"schema":{"@context":"https:\/\/schema.org","@graph":[{"@type":"WebPage","@id":"https:\/\/matematika.besaba.com\/?page_id=255","url":"https:\/\/matematika.besaba.com\/?page_id=255","name":"Krajsk\u00e9 komisie - Matematick\u00e1 olympi\u00e1da","isPartOf":{"@id":"https:\/\/matematika.besaba.com\/#website"},"datePublished":"2010-12-27T20:29:36+00:00","breadcrumb":{"@id":"https:\/\/matematika.besaba.com\/?page_id=255#breadcrumb"},"inLanguage":"sk-SK","potentialAction":[{"@type":"ReadAction","target":["https:\/\/matematika.besaba.com\/?page_id=255"]}]},{"@type":"BreadcrumbList","@id":"https:\/\/matematika.besaba.com\/?page_id=255#breadcrumb","itemListElement":[{"@type":"ListItem","position":1,"name":"Domovsk\u00e1 str\u00e1nka","item":"https:\/\/matematika.besaba.com\/"},{"@type":"ListItem","position":2,"name":"Krajsk\u00e9 komisie"}]},{"@type":"WebSite","@id":"https:\/\/matematika.besaba.com\/#website","url":"https:\/\/matematika.besaba.com\/","name":"Matematick\u00e1 olympi\u00e1da","description":"arch\u00edv zadan\u00ed a rie\u0161en\u00ed matematickej olympi\u00e1dy","potentialAction":[{"@type":"SearchAction","target":{"@type":"EntryPoint","urlTemplate":"https:\/\/matematika.besaba.com\/?s={search_term_string}"},"query-input":{"@type":"PropertyValueSpecification","valueRequired":true,"valueName":"search_term_string"}}],"inLanguage":"sk-SK"}]}},"_links":{"self":[{"href":"https:\/\/matematika.besaba.com\/index.php?rest_route=\/wp\/v2\/pages\/255","targetHints":{"allow":["GET"]}}],"collection":[{"href":"https:\/\/matematika.besaba.com\/index.php?rest_route=\/wp\/v2\/pages"}],"about":[{"href":"https:\/\/matematika.besaba.com\/index.php?rest_route=\/wp\/v2\/types\/page"}],"author":[{"embeddable":true,"href":"https:\/\/matematika.besaba.com\/index.php?rest_route=\/wp\/v2\/users\/1"}],"replies":[{"embeddable":true,"href":"https:\/\/matematika.besaba.com\/index.php?rest_route=%2Fwp%2Fv2%2Fcomments&post=255"}],"version-history":[{"count":0,"href":"https:\/\/matematika.besaba.com\/index.php?rest_route=\/wp\/v2\/pages\/255\/revisions"}],"wp:attachment":[{"href":"https:\/\/matematika.besaba.com\/index.php?rest_route=%2Fwp%2Fv2%2Fmedia&parent=255"}],"curies":[{"name":"wp","href":"https:\/\/api.w.org\/{rel}","templated":true}]}}