{"id":1315,"date":"2018-09-20T07:45:05","date_gmt":"2018-09-20T07:45:05","guid":{"rendered":"http:\/\/matematika.besaba.com\/?page_id=1315"},"modified":"2018-09-20T07:45:05","modified_gmt":"2018-09-20T07:45:05","slug":"napiste-nam","status":"publish","type":"page","link":"https:\/\/matematika.besaba.com\/?page_id=1315","title":{"rendered":"Nap\u00ed\u0161te n\u00e1m"},"content":{"rendered":"\n<div class=\"wpcf7 no-js\" id=\"wpcf7-f1314-o1\" lang=\"sk-SK\" dir=\"ltr\" data-wpcf7-id=\"1314\">\n<div class=\"screen-reader-response\"><p role=\"status\" aria-live=\"polite\" aria-atomic=\"true\"><\/p> <ul><\/ul><\/div>\n<form action=\"\/index.php?rest_route=%2Fwp%2Fv2%2Fpages%2F1315#wpcf7-f1314-o1\" method=\"post\" class=\"wpcf7-form init\" aria-label=\"Kontaktn\u00fd formul\u00e1r\" novalidate=\"novalidate\" data-status=\"init\">\n<fieldset class=\"hidden-fields-container\"><input type=\"hidden\" name=\"_wpcf7\" value=\"1314\" \/><input type=\"hidden\" name=\"_wpcf7_version\" value=\"6.1.4\" \/><input type=\"hidden\" name=\"_wpcf7_locale\" value=\"sk_SK\" \/><input type=\"hidden\" name=\"_wpcf7_unit_tag\" value=\"wpcf7-f1314-o1\" \/><input type=\"hidden\" name=\"_wpcf7_container_post\" value=\"0\" \/><input type=\"hidden\" name=\"_wpcf7_posted_data_hash\" value=\"\" \/>\n<\/fieldset>\n<p>[wpcaptcha]<label> Va\u0161e meno (povinn\u00e9)<br \/>\n<span class=\"wpcf7-form-control-wrap\" data-name=\"your-name\"><input size=\"40\" maxlength=\"400\" class=\"wpcf7-form-control wpcf7-text wpcf7-validates-as-required\" aria-required=\"true\" aria-invalid=\"false\" value=\"\" type=\"text\" name=\"your-name\" \/><\/span> <\/label>\n<\/p>\n<p><label> V\u00e1\u0161 email (povinn\u00e9)<br \/>\n<span class=\"wpcf7-form-control-wrap\" data-name=\"your-email\"><input size=\"40\" maxlength=\"400\" class=\"wpcf7-form-control wpcf7-email wpcf7-validates-as-required wpcf7-text wpcf7-validates-as-email\" aria-required=\"true\" aria-invalid=\"false\" value=\"\" type=\"email\" name=\"your-email\" \/><\/span> <\/label>\n<\/p>\n<p><label> Predmet<br \/>\n<span class=\"wpcf7-form-control-wrap\" data-name=\"your-subject\"><input size=\"40\" maxlength=\"400\" class=\"wpcf7-form-control wpcf7-text\" aria-invalid=\"false\" value=\"\" type=\"text\" name=\"your-subject\" \/><\/span> <\/label>\n<\/p>\n<p><label> Va\u0161a spr\u00e1va<br \/>\n<span class=\"wpcf7-form-control-wrap\" data-name=\"your-message\"><textarea cols=\"40\" rows=\"10\" maxlength=\"2000\" class=\"wpcf7-form-control wpcf7-textarea\" aria-invalid=\"false\" name=\"your-message\"><\/textarea><\/span> <\/label>\n<\/p>\n<p>[recaptcha]\n<\/p>\n<p><input class=\"wpcf7-form-control wpcf7-submit has-spinner\" type=\"submit\" value=\"Odo\u0161li\" \/>\n<\/p><p style=\"display: none !important;\" class=\"akismet-fields-container\" data-prefix=\"_wpcf7_ak_\"><label>&#916;<textarea name=\"_wpcf7_ak_hp_textarea\" cols=\"45\" rows=\"8\" maxlength=\"100\"><\/textarea><\/label><input type=\"hidden\" id=\"ak_js_1\" name=\"_wpcf7_ak_js\" value=\"101\"\/><script>document.getElementById( \"ak_js_1\" ).setAttribute( \"value\", ( new Date() ).getTime() );<\/script><\/p><div class=\"wpcf7-response-output\" aria-hidden=\"true\"><\/div>\n<\/form>\n<\/div>\n\n<!--CusAds0-->\n<div style=\"font-size: 0px; height: 0px; line-height: 0px; margin: 0; padding: 0; clear: both;\"><\/div>","protected":false},"excerpt":{"rendered":"","protected":false},"author":1,"featured_media":0,"parent":0,"menu_order":0,"comment_status":"closed","ping_status":"closed","template":"","meta":{"om_disable_all_campaigns":false,"_monsterinsights_skip_tracking":false,"_monsterinsights_sitenote_active":false,"_monsterinsights_sitenote_note":"","_monsterinsights_sitenote_category":0,"footnotes":""},"class_list":["post-1315","page","type-page","status-publish","hentry"],"yoast_head":"<!-- This site is optimized with the Yoast SEO plugin v26.6 - https:\/\/yoast.com\/wordpress\/plugins\/seo\/ -->\n<title>Nap\u00ed\u0161te n\u00e1m - Matematick\u00e1 olympi\u00e1da<\/title>\n<meta name=\"robots\" content=\"index, follow, max-snippet:-1, max-image-preview:large, max-video-preview:-1\" \/>\n<link rel=\"canonical\" href=\"https:\/\/matematika.besaba.com\/?page_id=1315\" \/>\n<meta property=\"og:locale\" content=\"sk_SK\" \/>\n<meta property=\"og:type\" content=\"article\" \/>\n<meta property=\"og:title\" content=\"Nap\u00ed\u0161te n\u00e1m - Matematick\u00e1 olympi\u00e1da\" \/>\n<meta property=\"og:url\" content=\"https:\/\/matematika.besaba.com\/?page_id=1315\" \/>\n<meta property=\"og:site_name\" content=\"Matematick\u00e1 olympi\u00e1da\" \/>\n<meta name=\"twitter:card\" content=\"summary_large_image\" \/>\n<script type=\"application\/ld+json\" class=\"yoast-schema-graph\">{\"@context\":\"https:\/\/schema.org\",\"@graph\":[{\"@type\":\"WebPage\",\"@id\":\"https:\/\/matematika.besaba.com\/?page_id=1315\",\"url\":\"https:\/\/matematika.besaba.com\/?page_id=1315\",\"name\":\"Nap\u00ed\u0161te n\u00e1m - Matematick\u00e1 olympi\u00e1da\",\"isPartOf\":{\"@id\":\"https:\/\/matematika.besaba.com\/#website\"},\"datePublished\":\"2018-09-20T07:45:05+00:00\",\"breadcrumb\":{\"@id\":\"https:\/\/matematika.besaba.com\/?page_id=1315#breadcrumb\"},\"inLanguage\":\"sk-SK\",\"potentialAction\":[{\"@type\":\"ReadAction\",\"target\":[\"https:\/\/matematika.besaba.com\/?page_id=1315\"]}]},{\"@type\":\"BreadcrumbList\",\"@id\":\"https:\/\/matematika.besaba.com\/?page_id=1315#breadcrumb\",\"itemListElement\":[{\"@type\":\"ListItem\",\"position\":1,\"name\":\"Domovsk\u00e1 str\u00e1nka\",\"item\":\"https:\/\/matematika.besaba.com\/\"},{\"@type\":\"ListItem\",\"position\":2,\"name\":\"Nap\u00ed\u0161te n\u00e1m\"}]},{\"@type\":\"WebSite\",\"@id\":\"https:\/\/matematika.besaba.com\/#website\",\"url\":\"https:\/\/matematika.besaba.com\/\",\"name\":\"Matematick\u00e1 olympi\u00e1da\",\"description\":\"arch\u00edv zadan\u00ed a rie\u0161en\u00ed matematickej olympi\u00e1dy\",\"potentialAction\":[{\"@type\":\"SearchAction\",\"target\":{\"@type\":\"EntryPoint\",\"urlTemplate\":\"https:\/\/matematika.besaba.com\/?s={search_term_string}\"},\"query-input\":{\"@type\":\"PropertyValueSpecification\",\"valueRequired\":true,\"valueName\":\"search_term_string\"}}],\"inLanguage\":\"sk-SK\"}]}<\/script>\n<!-- \/ Yoast SEO plugin. -->","yoast_head_json":{"title":"Nap\u00ed\u0161te n\u00e1m - Matematick\u00e1 olympi\u00e1da","robots":{"index":"index","follow":"follow","max-snippet":"max-snippet:-1","max-image-preview":"max-image-preview:large","max-video-preview":"max-video-preview:-1"},"canonical":"https:\/\/matematika.besaba.com\/?page_id=1315","og_locale":"sk_SK","og_type":"article","og_title":"Nap\u00ed\u0161te n\u00e1m - Matematick\u00e1 olympi\u00e1da","og_url":"https:\/\/matematika.besaba.com\/?page_id=1315","og_site_name":"Matematick\u00e1 olympi\u00e1da","twitter_card":"summary_large_image","schema":{"@context":"https:\/\/schema.org","@graph":[{"@type":"WebPage","@id":"https:\/\/matematika.besaba.com\/?page_id=1315","url":"https:\/\/matematika.besaba.com\/?page_id=1315","name":"Nap\u00ed\u0161te n\u00e1m - Matematick\u00e1 olympi\u00e1da","isPartOf":{"@id":"https:\/\/matematika.besaba.com\/#website"},"datePublished":"2018-09-20T07:45:05+00:00","breadcrumb":{"@id":"https:\/\/matematika.besaba.com\/?page_id=1315#breadcrumb"},"inLanguage":"sk-SK","potentialAction":[{"@type":"ReadAction","target":["https:\/\/matematika.besaba.com\/?page_id=1315"]}]},{"@type":"BreadcrumbList","@id":"https:\/\/matematika.besaba.com\/?page_id=1315#breadcrumb","itemListElement":[{"@type":"ListItem","position":1,"name":"Domovsk\u00e1 str\u00e1nka","item":"https:\/\/matematika.besaba.com\/"},{"@type":"ListItem","position":2,"name":"Nap\u00ed\u0161te n\u00e1m"}]},{"@type":"WebSite","@id":"https:\/\/matematika.besaba.com\/#website","url":"https:\/\/matematika.besaba.com\/","name":"Matematick\u00e1 olympi\u00e1da","description":"arch\u00edv zadan\u00ed a rie\u0161en\u00ed matematickej olympi\u00e1dy","potentialAction":[{"@type":"SearchAction","target":{"@type":"EntryPoint","urlTemplate":"https:\/\/matematika.besaba.com\/?s={search_term_string}"},"query-input":{"@type":"PropertyValueSpecification","valueRequired":true,"valueName":"search_term_string"}}],"inLanguage":"sk-SK"}]}},"_links":{"self":[{"href":"https:\/\/matematika.besaba.com\/index.php?rest_route=\/wp\/v2\/pages\/1315","targetHints":{"allow":["GET"]}}],"collection":[{"href":"https:\/\/matematika.besaba.com\/index.php?rest_route=\/wp\/v2\/pages"}],"about":[{"href":"https:\/\/matematika.besaba.com\/index.php?rest_route=\/wp\/v2\/types\/page"}],"author":[{"embeddable":true,"href":"https:\/\/matematika.besaba.com\/index.php?rest_route=\/wp\/v2\/users\/1"}],"replies":[{"embeddable":true,"href":"https:\/\/matematika.besaba.com\/index.php?rest_route=%2Fwp%2Fv2%2Fcomments&post=1315"}],"version-history":[{"count":1,"href":"https:\/\/matematika.besaba.com\/index.php?rest_route=\/wp\/v2\/pages\/1315\/revisions"}],"predecessor-version":[{"id":1316,"href":"https:\/\/matematika.besaba.com\/index.php?rest_route=\/wp\/v2\/pages\/1315\/revisions\/1316"}],"wp:attachment":[{"href":"https:\/\/matematika.besaba.com\/index.php?rest_route=%2Fwp%2Fv2%2Fmedia&parent=1315"}],"curies":[{"name":"wp","href":"https:\/\/api.w.org\/{rel}","templated":true}]}}